545 is divided by 45.
5
What is the remainder when 13854 is divided by 93?
90
Calculate the remainder when 3849 is divided by 36.
33
Calculate the remainder when 8556 is divided by 2847.
15
What is the remainder when 803 is divided by 115?
113
Calculate the remainder when 272 is divided by 13.
12
Calculate the remainder when 501 is divided by 126.
123
Calculate the remainder when 3493 is divided by 19.
16
Calculate the remainder when 360 is divided by 160.
40
What is the remainder when 2815 is divided by 88?
87
What is the remainder when 215 is divided by 36?
35
What is the remainder when 402 is divided by 119?
45
Calculate the remainder when 258 is divided by 19.
11
Calculate the remainder when 69 is divided by 19.
12
What is the remainder when 147 is divided by 25?
22
Calculate the remainder when 618 is divided by 6.
0
Calculate the remainder when 800 is divided by 257.
29
Calculate the remainder when 3202 is divided by 26.
4
What is the remainder when 206 is divided by 33?
8
What is the remainder when 103 is divided by 32?
7
What is the remainder when 730 is divided by 176?
26
What is the remainder when 1986 is divided by 28?
26
What is the remainder when 925 is divided by 54?
7
What is the remainder when 888 is divided by 178?
176
Calculate the remainder when 168 is divided by 3.
0
Calculate the remainder when 56 is divided by 30.
26
Calculate the remainder when 101 is divided by 60.
41
Calculate the remainder when 583 is divided by 164.
91
What is the remainder when 1118 is divided by 21?
5
Calculate the remainder when 1095 is divided by 126.
87
What is the remainder when 133 is divided by 59?
15
Calculate the remainder when 338 is divided by 20.
18
Calculate the remainder when 164 is divided by 15.
14
What is the remainder when 326 is divided by 167?
159
What is the remainder when 68 is divided by 42?
26
What is the remainder when 374 is divided by 38?
32
Calculate the remainder when 194 is divided by 55.
29
Calculate the remainder when 603 is divided by 249.
105
Calculate the remainder when 74 is divided by 17.
6
Calculate the remainder when 189 is divided by 13.
7
Calculate the remainder when 3045 is divided by 61.
56
Calculate the remainder when 71 is divided by 50.
21
Calculate the remainder when 75 is divided by 73.
2
Calculate the remainder when 2028 is divided by 155.
13
What is the remainder when 3631 is divided by 89?
71
Calculate the remainder when 931 is divided by 18.
13
Calculate the remainder when 5065 is divided by 562.
7
What is the remainder when 135 is divided by 37?
24
What is the remainder when 86 is divided by 32?
22
What is the remainder when 3944 is divided by 14?
10
What is the remainder when 33 is divided by 15?
3
Calculate the remainder when 253 is divided by 17.
15
Calculate the remainder when 306 is divided by 28.
26
Calculate the remainder when 159 is divided by 20.
19
What is the remainder when 133 is divided by 1?
0
What is the remainder when 157 is divided by 42?
31
Calculate the remainder when 296 is divided by 4.
0
Calculate the remainder when 86 is divided by 22.
20
What is the remainder when 532 is divided by 107?
104
Calculate the remainder when 1061 is divided by 14.
11
Calculate the remainder when 426 is divided by 88.
74
What is the remainder when 162 is divided by 151?
11
Calculate the remainder when 257 is divided by 157.
100
What is the remainder when 12580 is divided by 22?
18
Calculate the remainder when 229 is divided by 121.
108
Calculate the remainder when 1924 is divided by 35.
34
What is the remainder when 7946 is divided by 15?
11
What is the remainder when 3467 is divided by 1711?
45
What is the remainder when 143 is divided by 38?
29
Calculate the remainder when 308 is divided by 52.
48
What is the remainder when 353 is divided by 58?
5
Calculate the remainder when 685 is divided by 16.
13
What is the remainder when 2982 is divided by 157?
156
Calculate the remainder when 316 is divided by 53.
51
What is the remainder when 617 is divided by 231?
155
Calculate the remainder when 3277 is divided by 164.
161
Calculate the remainder when 65 is divided by 18.
11
What is the remainder when 112 is divided by 38?
36
What is the remainder when 507 is divided by 82?
15
What is the remainder when 31 is divided by 28?
3
Calculate the remainder when 676 is divided by 172.
160
Calculate the remainder when 3568 is divided by 15.
13
Calculate the remainder when 5404 is divided by 17.
15
What is the remainder when 21155 is divided by 82?
81
What is the remainder when 5867 is divided by 13?
4
What is the remainder when 1493 is divided by 34?
31
Calculate the remainder when 156 is divided by 49.
9
Calculate the remainder when 609 is divided by 59.
19
Calculate the remainder when 209 is divided by 96.
17
What is the remainder when 627 is divided by 3?
0
What is the remainder when 49 is divided by 29?
20
What is the remainder when 4622 is divided by 17?
15
Calculate the remainder when 1414 is divided by 178.
168
Calculate the remainder when 47 is divided by 5.
2
What is the remainder when 198 is divided by 4?
2
What is the remainder when 5381 is divided by 385?
376
What is the remainder when 96 is divided by 9?
6
What is the remainder when 324 is divided by 13?
12
Calculate the remainder when 346 is divided by 107.
25
What is the remainder when 227 is divided by 82?
63
Calculate the remainder when 363 is divided by 118.
9
Calculate the remainder when 202 is divided by 87.
28
Calculate the remainder when 578 is divided by 83.
80
What is the remainder when 62 is divided by 42?
20
What is the remainder when 1013 is divided by 44?
1
Calculate the remainder when 7919 is divided by 15.
14
Calculate the remainder when 270 is divided by 25.
20
Calculate the remainder when 277 is divided by 70.
67
Calculate the remainder when 10 is divided by 9.
1
What is the remainder when 5964 is divided by 153?
150
What is the remainder when 66 is divided by 24?
18
What is the remainder when 680 is divided by 118?
90
What is the remainder when 2480 is divided by 46?
42
Calculate the remainder when 242 is divided by 9.
8
What is the remainder when 13059 is divided by 65?
59
Calculate the remainder when 986 is divided by 31.
25
What is the remainder when 79 is divided by 18?
7
Calculate the remainder when 906 is divided by 83.
76
What is the remainder when 222 is divided by 28?
26
What is the remainder when 21 is divided by 8?
5
Calculate the remainder when 4244 is divided by 22.
20
Calculate the remainder when 647 is divided by 108.
107
Calculate the remainder when 52 is divided by 12.
4
What is the remainder when 2496 is divided by 51?
48
What is the remainder when 1449 is divided by 132?
129
Calculate the remainder when 1322 is divided by 38.
30
What is the remainder when 120 is divided by 62?
58
Calculate the remainder when 229 is divided by 41.
24
What is the remainder when 2615 is divided by 11?
8
Calculate the remainder when 272 is divided by 10.
2
What is the remainder when 797 is divided by 19?
18
Calculate the remainder when 1089 is divided by 44.
33
What is the remainder when 271 is divided by 25?
21
Calculate the remainder when 78 is divided by 8.
6
What is the remainder when 18 is divided by 18?
0
What is the remainder when 525 is divided by 84?
21
Calculate the remainder when 335 is divided by 7.
6
Calculate the remainder when 514 is divided by 66.
52
Calculate the remainder when 41 is divided by 11.
8
What is the remainder when 89 is divided by 34?
21
What is the remainder when 301 is divided by 22?
15
What is the remainder when 3932 is divided by 164?
160
Calculate the remainder when 553 is divided by 4.
1
Calculate the remainder when 2194 is divided by 6.
4
What is the remainder when 389 is divided by 23?
21
What is the remainder when 130 is divided by 34?
28
What is the remainder when 108 is divided by 35?
3
What is the remainder when 2809 is divided by 21?
16
What is the remainder when 734 is divided by 147?
146
What is the remainder when 585 is divided by 28?
25
Calculate the remainder when 1483 is divided by 71.
63
Calculate the remainder when 531 is divided by 43.
15
What is the remainder when 7988 is divided by 27?
23
Calculate the remainder when 1302 is divided by 101.
90
What is the remainder when 114